
3
What is the units digit of 740385124?
4
What is the tens digit of 91840756?
5
What is the ten millions digit of 22769520?
2
What is the hundreds digit of 109391911?
9
What is the ten thousands digit of 154915015?
1
What is the ten millions digit of 121454882?
2
What is the ten millions digit of 32944068?
3
What is the units digit of 70315966?
6
What is the thousands digit of 136175522?
5
What is the hundred millions digit of 128041301?
1
What is the millions digit of 90867143?
0
What is the hundred millions digit of 272351451?
2
What is the ten millions digit of 4688779580?
8
What is the tens digit of 24616478?
7
What is the ten thousands digit of 22768274?
6
What is the units digit of 11314980?
0
What is the millions digit of 45429552?
5
What is the ten millions digit of 205605085?
0
What is the hundreds digit of 212375423?
4
What is the hundred millions digit of 4354248317?
3
What is the hundreds digit of 47886673?
6
What is the ten millions digit of 5691597603?
9
What is the hundreds digit of 50939682?
6
What is the hundred thousands digit of 2305134?
3
What is the ten thousands digit of 472773156?
7
What is the hundred thousands digit of 34189324?
1
What is the hundred thousands digit of 313996190?
9
What is the millions digit of 1467104964?
7
What is the units digit of 3467743922?
2
What is the units digit of 134829734?
4
What is the hundred thousands digit of 283864964?
8
What is the hundreds digit of 49444529?
5
What is the ten millions digit of 332550896?
3
What is the ten millions digit of 257603671?
5
What is the ten millions digit of 61550556?
6
What is the ten millions digit of 102883279?
0
What is the hundreds digit of 172714155?
1
What is the ten thousands digit of 4218900309?
0
What is the thousands digit of 3613949218?
9
What is the hundreds digit of 1801203791?
7
What is the tens digit of 595379797?
9
What is the ten millions digit of 1045412879?
4
What is the millions digit of 611996914?
1
What is the hundred millions digit of 139277939?
1
What is the ten millions digit of 134281802?
3
What is the tens digit of 168450938?
3
What is the hundred thousands digit of 153611368?
6
What is the units digit of 38569105?
5
What is the hundreds digit of 102142593?
5
What is the millions digit of 439416322?
9
What is the hundred thousands digit of 594220158?
2
What is the ten thousands digit of 1753502285?
0
What is the units digit of 1190632727?
7
What is the hundreds digit of 13578186?
1
What is the tens digit of 534534241?
4
What is the units digit of 400154770?
0
What is the ten thousands digit of 523469608?
6
What is the tens digit of 28157378?
7
What is the ten millions digit of 35985086?
3
What is the millions digit of 67937743?
7
What is the units digit of 141929353?
3
What is the ten millions digit of 574193132?
7
What is the tens digit of 56755995?
9
What is the millions digit of 129720373?
9
What is the millions digit of 2944756322?
4
What is the hundreds digit of 48066788?
7
What is the billions digit of 3409545656?
3
What is the units digit of 2123387228?
8
What is the hundreds digit of 1060426097?
0
What is the tens digit of 191400452?
5
What is the ten thousands digit of 854894054?
9
What is the tens digit of 755311067?
6
What is the thousands digit of 9260845?
0
What is the billions digit of 1149772995?
1
What is the millions digit of 93949960?
3
What is the units digit of 46435607?
7
What is the hundred millions digit of 112801445?
1
What is the ten thousands digit of 122752397?
5
What is the units digit of 30866516?
6
What is the ten thousands digit of 213201577?
0
What is the thousands digit of 408599739?
9
What is the millions digit of 35169304?
5
What is the hundred millions digit of 124211885?
1
What is the hundreds digit of 526950771?
7
What is the hundreds digit of 377090129?
1
What is the millions digit of 504700606?
4
What is the hundred thousands digit of 59154331?
1
What is the tens digit of 20058222?
2
What is the hundreds digit of 1212467538?
5
What is the tens digit of 267645000?
0
What is the hundred thousands digit of 56026647?
0
What is the ten millions digit of 5878833551?
7
What is the hundred thousands digit of 472299979?
2
What is the hundred thousands digit of 421070101?
0
What is the units digit of 1391800176?
6
What is the hundred millions digit of 913291205?
9
What is the ten thousands digit of 30455906?
5
What is the ten millions digit of 2231747945?
3
What is the hundreds digit of 247706127?
1
What is the units digit of 6118018?
8
What is the hundred thousands digit of 107607005?
6
What is the hundred millions digit of 578850744?
5
What is the ten millions digit of 54697018?
5
What is the ten thousands digit of 37226750?
2
What is the units digit of 53272603?
3
What is the units digit of 3023723?
3
What is the thousands digit of 287957931?
7
What is the thousands digit of 314933159?
3
What is the tens digit of 26957109?
0
What is the ten millions digit of 179225200?
7
What is the millions digit of 20010653?
0
What is the ten thousands digit of 5211773?
1
What is the millions digit of 125895588?
5
What is the tens digit of 213091601?
0
What is the thousands digit of 208681804?
1
What is the units digit of 40347006?
6
What is the ten thousands digit of 1240438680?
3
What is the ten thousands digit of 2198855255?
5
What is the millions digit of 191779683?
1
What is the tens digit of 199301577?
7
What is the thousands digit of 403133126?
3
What is the tens digit of 608173185?
8
What is the units digit of 1901340297?
7
What is the ten thousands digit of 3986308503?
0
What is the tens digit of 1057527237?
3
What is the ten millions digit of 38725673?
3
What is the millions digit of 29521519?
9
What is the billions digit of 4163762046?
4
What is the hundreds digit of 18829443?
4
What is the hundreds digit of 151219921?
9
What is the units digit of 1302612183?
3
What is the hundreds digit of 1736277639?
6
What is the hundred thousands digit of 72063943?
0
What is the millions digit of 96568038?
6
What is the hundreds digit of 2826485036?
0
What is the ten thousands digit of 260166095?
6
What is the hundred millions digit of 2001894809?
0
What is the millions digit of 194816531?
4
What is the hundreds digit of 4065446132?
1
What is the tens digit of 83591583?
8
What is the hundred millions digit of 1881218965?
8
What is the hundred millions digit of 519369272?
5
What is the hundreds digit of 660309215?
2
What is the ten thousands digit of 144814045?
1
What is the hundred millions digit of 1483128422?
4
What is the thousands digit of 73699160?
9
What is the tens digit of 131249753?
5
What is the hundred thousands digit of 18891266?
8
What is the hundred millions digit of 125573183?
1
What is the millions digit of 45254416?
5
What is the ten millions digit of 62745258?
6
What is the hundreds digit of 409673414?
4
What is the hundreds digit of 2956699452?
4
What is the millions digit of 78473809?
8
What is the millions digit of 61102834?
1
What is the hundreds digit of 193143347?
3
What is the ten thousands digit of 70706480?
0
What is the hundreds digit of 198973637?
6
What is the thousands digit of 1812104972?
4
What is the millions digit of 256651228?
6
What is the tens digit of 618982507?
0
What is the ten thousands digit of 18503558?
0
What is the millions digit of 1297883069?
7
What is the units digit of 97417136?
6
What is the hundreds digit of 33796313?
3
What is the hundreds digit of 157457262?
2
What is the hundred thousands digit of 43420385?
4
What is the tens digit of 3733012890?
9
What is the millions digit of 56177785?
6
What is the ten thousands digit of 1737208302?
0
What is the tens digit of 1077087414?
1
What is the hundred millions digit of 991317775?
9
What is the thousands digit of 81511887?
1
What is the units digit of 46377635?
5
What is the millions digit of 82084024?
2
What is the ten millions digit of 2370876432?
7
What is the ten thousands digit of 684645373?
4
What is the thousands digit of 127823896?
3
What is the thousands digit of 2092973738?
3
What is the units digit of 59809403?
3
What is the thousands digit of 33493312?
3
What is the millions digit of 4303675234?
3
What is the tens digit of 1101808673?
7
What is the thousands digit of 1137191?
7
What is the ten th